41 is divided by 4537?
4536
Calculate the remainder when 459573 is divided by 19981.
10
What is the remainder when 3225467 is divided by 156?
11
What is the remainder when 3490314 is divided by 167?
14
Calculate the remainder when 83530453 is divided by 18.
13
What is the remainder when 1193016 is divided by 5965?
16
What is the remainder when 7137677 is divided by 6950?
27
Calculate the remainder when 543762 is divided by 90588.
234
Calculate the remainder when 1068678 is divided by 35621.
48
Calculate the remainder when 5343746 is divided by 1789.
3
What is the remainder when 61130 is divided by 943?
778
Calculate the remainder when 9089955 is divided by 9089954.
1
What is the remainder when 15943845 is divided by 7971735?
375
What is the remainder when 839844 is divided by 38143?
698
Calculate the remainder when 145861363 is divided by 64.
51
Calculate the remainder when 461850 is divided by 66.
48
What is the remainder when 76553 is divided by 611?
178
Calculate the remainder when 133438710 is divided by 748.
746
Calculate the remainder when 6747545 is divided by 3306.
3305
What is the remainder when 944562 is divided by 39349?
186
What is the remainder when 42066968 is divided by 213?
107
What is the remainder when 321551 is divided by 278?
183
What is the remainder when 17086312 is divided by 3417260?
12
Calculate the remainder when 550193 is divided by 1958.
1953
What is the remainder when 17313 is divided by 509?
7
What is the remainder when 27991 is divided by 584?
543
Calculate the remainder when 15287802 is divided by 181.
180
What is the remainder when 5540332 is divided by 818?
18
What is the remainder when 225884 is divided by 75090?
614
What is the remainder when 1640515 is divided by 588?
583
What is the remainder when 172793 is divided by 735?
68
Calculate the remainder when 29267 is divided by 28662.
605
Calculate the remainder when 89069335 is divided by 1140.
1135
Calculate the remainder when 373732 is divided by 12431.
802
Calculate the remainder when 1643393 is divided by 238.
3
Calculate the remainder when 430648 is divided by 3479.
2731
Calculate the remainder when 149008 is divided by 6461.
405
Calculate the remainder when 291996 is divided by 46.
34
Calculate the remainder when 7308222 is divided by 27.
24
What is the remainder when 47122070 is divided by 282168?
14
What is the remainder when 5478335 is divided by 29453?
77
What is the remainder when 2358570 is divided by 471701?
65
Calculate the remainder when 126034559 is divided by 10.
9
What is the remainder when 28882175 is divided by 1062?
23
What is the remainder when 800894 is divided by 18194?
358
What is the remainder when 12050986 is divided by 3607?
3606
Calculate the remainder when 124555 is divided by 41501.
52
What is the remainder when 28952286 is divided by 559?
558
Calculate the remainder when 5694473 is divided by 10888.
49
Calculate the remainder when 62351 is divided by 61311.
1040
Calculate the remainder when 3959980 is divided by 705.
700
What is the remainder when 114267398 is divided by 1420?
1418
What is the remainder when 453391 is divided by 344?
343
What is the remainder when 3217384 is divided by 3217204?
180
Calculate the remainder when 190119 is divided by 1204.
1091
What is the remainder when 3747297 is divided by 3747295?
2
Calculate the remainder when 2060833 is divided by 23.
10
Calculate the remainder when 3456170 is divided by 11959.
19
Calculate the remainder when 167559 is divided by 10728.
6639
Calculate the remainder when 1322880 is divided by 125.
5
Calculate the remainder when 11994089 is divided by 5997044.
1
Calculate the remainder when 635853 is divided by 72.
21
What is the remainder when 6557356 is divided by 40?
36
What is the remainder when 2454026 is divided by 1388?
42
Calculate the remainder when 133438 is divided by 66539.
360
What is the remainder when 221949717 is divided by 109281?
6
Calculate the remainder when 647927 is divided by 35990.
107
Calculate the remainder when 6167101 is divided by 29090.
21
What is the remainder when 132208636 is divided by 50136?
4
Calculate the remainder when 89017244 is divided by 29672409.
17
Calculate the remainder when 106008 is divided by 34752.
1752
Calculate the remainder when 1380093 is divided by 1643.
1616
Calculate the remainder when 224403602 is divided by 34.
32
What is the remainder when 15599 is divided by 7668?
263
Calculate the remainder when 61011 is divided by 28522.
3967
Calculate the remainder when 1043535 is divided by 26078.
415
What is the remainder when 39456361 is divided by 7891270?
11
Calculate the remainder when 109514 is divided by 604.
190
Calculate the remainder when 3627998 is divided by 7574.
52
What is the remainder when 5219291 is divided by 475?
466
What is the remainder when 54573432 is divided by 1760433?
9
Calculate the remainder when 3644625 is divided by 402.
93
Calculate the remainder when 96436 is divided by 3607.
2654
Calculate the remainder when 71952988 is divided by 26.
16
Calculate the remainder when 2717991 is divided by 30.
21
What is the remainder when 3441329 is divided by 592?
33
What is the remainder when 7973201 is divided by 23?
21
Calculate the remainder when 4845308 is divided by 44452.
40
What is the remainder when 18659 is divided by 4454?
843
Calculate the remainder when 138835 is divided by 46223.
166
What is the remainder when 9291386 is divided by 3097124?
14
Calculate the remainder when 26877609 is divided by 339.
333
What is the remainder when 43614102 is divided by 1557646?
14
Calculate the remainder when 9892852 is divided by 989283.
22
What is the remainder when 865512 is divided by 5032?
8
What is the remainder when 642030 is divided by 2687?
2524
What is the remainder when 72941026 is divided by 36470437?
152
Calculate the remainder when 579435 is divided by 193013.
396
What is the remainder when 1292581 is divided by 161566?
53
Calculate the remainder when 1009728 is divided by 138.
120
Calculate the remainder when 131890877 is divided by 414.
413
What is the remainder when 1243259 is divided by 941?
198
Calculate the remainder when 58775174 is divided by 45954.
8
Calculate the remainder when 516278 is divided by 258117.
44
What is the remainder when 766013 is divided by 154?
17
What is the remainder when 89321 is divided by 1544?
1313
What is the remainder when 21231325 is divided by 6471?
6445
Calculate the remainder when 35144 is divided by 34908.
236
What is the remainder when 234058 is divided by 7801?
28
Calculate the remainder when 1557151 is divided by 26.
11
Calculate the remainder when 10060286 is divided by 386934.
2
What is the remainder when 54718 is divided by 6833?
54
What is the remainder when 472272 is divided by 12764?
4
What is the remainder when 4170124 is divided by 35?
14
What is the remainder when 75333928 is divided by 4386?
4378
Calculate the remainder when 6035600 is divided by 1005885.
290
Calculate the remainder when 91466279 is divided by 8273.
8264
Calculate the remainder when 7298388 is divided by 183.
165
Calculate the remainder when 104341 is divided by 1856.
405
Calculate the remainder when 730627 is divided by 1613.
1551
What is the remainder when 12617440 is divided by 38?
34
What is the remainder when 5530135 is divided by 330?
325
What is the remainder when 725484 is divided by 66?
12
What is the remainder when 99211 is divided by 1344?
1099
Calculate the remainder when 374881 is divided by 234.
13
What is the remainder when 37370 is divided by 267?
257
What is the remainder when 342344579 is divided by 43?
36
What is the remainder when 14625928 is divided by 330?
328
What is the remainder when 1485987 is divided by 212281?
20
What is the remainder when 7581820 is divided by 674?
668
What is the remainder when 1825071 is divided by 1798?
101
Calculate the remainder when 9648280 is divided by 8142.
10
What is the remainder when 186836 is divided by 861?
860
What is the remainder when 11855221 is divided by 62726?
7
Calculate the remainder when 3426105 is divided by 5320.
25
Calculate the remainder when 571813 is divided by 31767.
7
Calculate the remainder when 29233471 is divided by 1108.
1107
Calculate the remainder when 1304179 is divided by 147.
142
Calculate the 